-5) composite?
False
Let w(u) = 443*u**3 + u**2 - 2*u + 1. Is w(1) a composite number?
False
Let f = 0 + 2. Let l be (-6)/4*4/(-2). Suppose -f*k - l*k = -35. Is k a prime number?
True
Let g(t) = 67*t**2 + 4*t + 3. Is g(-4) a composite number?
True
Let j(s) = -2*s**2 + 4*s + 4. Let r be j(4). Let i = -3 - r. Is i prime?
False
Suppose 94 + 110 = 4*s. Let c = s + -17. Is c a prime number?
False
Let p(v) = -v - 6. Let j be p(-9). Suppose 2*q = j*q - 53. Is q a prime number?
True
Let v be 2 + 0/(1 - 0). Let w(p) = 2*p + v - 1 - 6*p + 3*p. Is w(-6) prime?
True
Let i(n) = 5*n**2 - 34*n + 4. Is i(-13) composite?
False
Suppose 3*d + 54 - 213 = 0. Is d composite?
False
Let o be 1/(-3) + (-129)/(-9). Let f be (-3 + o)*2/1. Suppose -f = -0*c - c. Is c composite?
True
Let x(j) = 29*j**2 - 6*j - 4. Is x(3) composite?
False
Let c be (-8385)/(-21) + 4/(-14). Suppose -4*z + c = -245. Is z a prime number?
False
Let y = 202 - 113. Is y composite?
False
Let m(y) = -8*y**3 - 2*y**2 + 1. Let t be m(1). Let f be 112/18 - (-2)/t. Is (74/(-3))/((-4)/f) prime?
True
Suppose 2*a = 2 + 4. Suppose 4*o - 114 = 2*o. Suppose -i + f + o = 0, i + a*f = 33 + 32. Is i composite?
False
Let f(s) = -79*s + 11. Let j = 15 - 21. Is f(j) a prime number?
False
Let y(s) = -s**2 + 1. Let x be y(0). Let r(u) = -u - x - 6*u - 2. Is r(-8) a prime number?
True
Suppose 335 = 3*t + 2*t. Is t composite?
False
Suppose -2*s = -5*s - 3, 3*k - 5*s = 428. Is k composite?
True
Suppose -3*i = -b - 5*i + 194, 5*i - 15 = 0. Let c = -27 + b. Is c composite?
True
Suppose -4*r = 4*d - 3*r - 1201, -d = -5*r - 274. Is d composite?
True
Suppose -5*z = -n + 29, -3*z + 29 = 5*n + z. Suppose -3*y + 120 = 2*y + 5*s, 3*s = -6. Suppose w = y + n. Is w prime?
False
Let a be (-48)/(-26) + 4/26. Suppose -a*t - t = -99. Is t prime?
False
Let f(r) = 5*r**2 - 11*r + 5. Let p(g) = -3*g**2 + 7*g - 3. Let a(b) = 5*f(b) + 8*p(b). Is a(3) a prime number?
True
Suppose 24 = -4*y + 72. Is y/16 + (-290)/(-8) a prime number?
True
Suppose 93 = -5*d - 272. Let x = 330 + -166. Let i = x + d. Is i a prime number?
False
Let u be (-6)/(0 + -2) - 2. Let m be ((-2)/(-4))/((-1)/12). Let f = u - m. Is f a composite number?
False
Suppose -3*l = 5*d - 4*l - 1366, 0 = 4*d + 5*l - 1087. Suppose 3*m + 182 = 2*r, -r - m = 2*r - d. Is r a prime number?
False
Suppose 0 = -0*l - l + 3. Is (3 + -2)/(l/237) a composite number?
False
Let o = 149 + -84. Suppose 5*j - o = 35. Is j/6*45/6 a composite number?
True
Let c = -266 - -451. Is c a prime number?
False
Let q(k) = 2*k**3 - 17*k**2 - 5*k - 29. Is q(12) prime?
True
Suppose 6*d - 9*d - 144 = 0. Let n = d + 70. Is n a prime number?
False
Let d = 3 - 5. Is -5*(0 - (0 - d)) a prime number?
False
Suppose -2*l + 6*l = 1172. Is l prime?
True
Suppose -n + 5*s + 1265 = 4*n, -s + 1271 = 5*n. Is n composite?
True
Let k(q) = -q**3 + 14*q**2 - 2*q - 16. Suppose 0 = c + 2*y - 17, 0 = y + 2 - 4. Is k(c) prime?
True
Let c(t) = 48*t**2 - 3*t - 13. Is c(-6) composite?
False
Suppose -4*y = -6 - 2. Is (-2 + y/2)*-10 a prime number?
False
Let g = 23 + 91. Let a = 13 - 4. Is (g/a)/((-6)/(-9)) composite?
False
Let x(d) = -d**2 - 2*d + 3. Let r be x(2). Is -1 + (-5)/(r/8) prime?
True
Let c be (-69)/(-2) - (-1)/2. Suppose -2*v = -v - c. Suppose -2*f = 2*f + 5*a - 77, 4*a + v = f. Is f a prime number?
True
Let b = 11 + -5. Let x = -29 - -42. Suppose a + b = x. Is a a prime number?
True
Let q(j) = 2*j - 8. Let w be q(6). Suppose f - 24 = 4*c, -f - 2 = -w*f - 2*c. Suppose -f*g = g - 20. Is g composite?
True
Suppose -2*s - 7 = q, 4*s + 4*q + 8 = s. Let j = 111 - 58. Let x = s + j. Is x a composite number?
True
Let w be (-5 - -1)*6/(-8). Suppose w*f + 0*f - b = -2121, 3518 = -5*f - 4*b. Let r = -503 - f. Is r composite?
True
Let q(p) = 15*p**3 + 2*p**2. Let r be q(-3). Let u = -193 - r. Is -4*(u/(-8) - -2) prime?
True
Suppose 2*t - 63 = -t. Suppose -i = -3*u - 0*u + 17, i = 4*u - t. Suppose -5*h = -u*h, -3*l + 165 = 2*h. Is l composite?
True
Let y be (6*-3)/((-6)/3). Suppose 2*j - z = -j + y, -4*z - 20 = -4*j. Suppose 16 = -g + j*g - r, 5*g - 86 = 3*r. Is g composite?
False
Suppose -3*h = -4*n + 32, 3*n - 5*h - 32 - 3 = 0. Suppose 5*r - 101 = -2*o, -o = -n*r - 75 + 17. Is o a prime number?
True
Suppose -2408 - 743 = -g. Is g a prime number?
False
Let v(p) = 2*p - 14. Let q be v(8). Is 4*q/(8/85) composite?
True
Let f(x) = 612*x**3 + 2*x**2 - 1. Let z be f(1). Let s = z - 140. Is s a prime number?
False
Suppose 4*p + 6 = p. Is 6 + (0 - p - 2) prime?
False
Let q(d) = d**2 - 6. Suppose -2*n = -t - 3, 0 = -3*t - 2*t + 5*n + 5. Is q(t) composite?
False
Let b(y) = 7*y + 2. Let p be b(6). Let w = 2 + p. Suppose -k = -3*z + 64, -3*z + 15 + w = 2*k. Is z composite?
True
Is 18/27*2/((-4)/(-1437)) a composite number?
False
Is ((-838)/(-2))/(0 + 1) composite?
False
Let a be (3 - 2)/(1/18). Suppose -173 = -h - a. Is h prime?
False
Suppose 2*i - 3728 = -1326. Is i prime?
True
Let p = 131 - 20. Let l = -52 + p. Is l a prime number?
True
Suppose -5*m + 90 = c + c, 4*c - 4*m = 124. Is c composite?
True
Let v be (6 - 6)*(-2)/4. Suppose r + 3*r - 388 = v. Is r prime?
True
Let y(g) = g + 2*g + 32*g**2 + 4*g**2 + 3. Let h be y(-3). Is ((-3)/9)/((-2)/h) prime?
True
Let o(l) = 3*l**2 - 24. Is o(11) composite?
True
Suppose -53 = -5*u - b + 381, 5*b - 343 = -4*u. Is u composite?
True
Suppose h - 3409 = -6*h. Is h a composite number?
False
Suppose 2*b + 15 - 1025 = 0. Is b a composite number?
True
Suppose w + 16 = 2*r, -3*r - w + 16 + 8 = 0. Let i = 43 - r. Is i composite?
True
Let l = -7 - -66. Is l a composite number?
False
Let s(p) = -p**2 - 6*p - 3. Let l be s(-5). Suppose -l*i = -5*o + 397, 4*o + 5*i + 141 - 452 = 0. Is o composite?
False
Suppose -r + 1991 = 2*h + 2*r, 2990 = 3*h + r. Is h a prime number?
True
Let k = 39 - 76. Let b = k - -123. Is b composite?
True
Suppose g = 3 + 2. Suppose 5*t - 65 = 5*x, g*t + x - 3*x - 65 = 0. Let m = t + 9. Is m prime?
False
Let q be (6 + 0)*(-3 - -4). Let v(k) = -k**3 - 4*k**2 + 5*k + 5. Let z be v(-5). Suppose z*x - q*x = -19. Is x prime?
True
Let i(p) = p**3 + 15*p**2 - 3*p - 7. Is i(-6) a composite number?
True
Suppose 3*g - 1829 = 1030. Is g a composite number?
False
Suppose d + c = -1 + 7, 0 = -d + 3*c + 2. Suppose -7 = -d*p + 13, -14 = -3*y + 4*p. Is y composite?
True
Let t be (-150)/(-22) + 4/22. Suppose 3*m - t*m = 0. Suppose m*u - 4*u = -84. Is u a prime number?
False
Let x = -3191 + 4481. Suppose 4*p - x = -p. Suppose 2*f = -l + 256, -2*f - 4*l + 2*l = -p. Is f prime?
True
Suppose 39*g - 35*g - 6804 = 0. Suppose -t + 0*t + 2 = 0, 0 = -5*w + 2*t + g. Is w composite?
True
Let d = -5 - -3. Let s = 0 + d. Is 17/((-5)/s + -2) a composite number?
True
Let x(r) = -r + 1. Let c(t) = -t**2 + 3*t - 3. Let z(m) = -c(m) - 6*x(m). Let f be z(-5). Is -7*1*(-6)/f composite?
True
Let c = -759 - -1498. Is c composite?
False
Let t(s) = 11*s**3 + 13. Is t(4) a composite number?
True
Let k be 2/(-9) - 152/(-36). Suppose 838 = k*a - 2*x, 2*x - 182 = -2*a + 246. Is a a composite number?
False
Let k be 14/(-8)*(5 + -1). Let m(h) = -h**3 - 6*h**2 - 6*h + 12. Is m(k) prime?
True
Let h(n) = n**3 - 9*n**2 - 13*n - 5. Let a(b) = 4*b**3 - 35*b**2 - 52*b - 21. Let o(f) = 2*a(f) - 9*h(f). Is o(10) composite?
False
Let r = -5 - -4. Is r + 0 + (1 - -37) a prime number?
True
Let j(a) = 0*a - 3*a + a + a**3 + 1. Let k be j(1). Suppose 4*y - 144 - 164 = k. Is y a composite number?
True
Suppose -2*q + 575 = 81. Is q composite?
True
Let t(a) = 2*a**3 + a**2 - 21*a + 29. Is t(12) prime?
False
Suppose 4*m = 7*m. Let x(a) = a**2 + 121. Is x(m) a prime number?
False
Let j(p) be the second derivative of -23*p**3/2 + 5*p**2/2 - 3*p. Let y be j(-5). Suppose s - y = -4*s - 3*l, 77 = s + 2*l. Is s a prime number?
True
Let v be (-4)/24 + (-22)/12. Suppose -2*y - 5*l + 35 = 3*y, -y + 17 = 3*l. Is v*((-47)/y - 0) prime?
True
Let i = -29 + 88. Is i prime?
True
Suppose 0*t - 3*t = -4*z - 50, -3*t = -2*z - 40. Let k(w) = -w**3 + 9*w**2 + 10*w + 6. Is k(t) composite?
True
Let g(i) = -i**3 - 3*i**2 - 11*i - 13. Let c be g(9). Let l = -695 - c. Is l composite?
False
Let n(p) = p**3 + 4*p**2 - 5*p + 2. Let c be n(-5). Suppose -c*i + 25 = 3*i. Suppose 0 = i*v + 3*r - 947, 3*v - 403 - 174 = -4*r. Is v prime?
False
Let z = 90 + 41. Let p = z + -8. Let l = 